Let u(x) = -27*x + 2. Let z(c) = -6*s(c) + u(c). What is the tens digit of z(-3)?
5
What is the tens digit of (4/(-8))/(((-10)/(-1044))/(-5))?
6
Suppose 2*l - 64 = -d, -l + 2*l + 1 = 0. Let v be 4/5 + d/5. What is the units digit of 878/v - 14/(-49)?
3
Let t(u) be the second derivative of u**4/12 + 3*u**3/2 + 11*u**2/2 + 4*u. Let a be t(-9). Suppose 403 = 8*m + a. What is the tens digit of m?
4
Let p(c) = c**2 + 3*c + 5. Let m be p(-6). Let h = m + -28. Let y(a) = a + 7. What is the units digit of y(h)?
2
Let v = 3 + 17. Let y be (81/6)/(2/v). Suppose a - y = -4*a. What is the units digit of a?
7
Let o = 391 - 281. What is the hundreds digit of o?
1
Let s(m) = 9*m**3 + 3*m**2 + 11*m - 30. What is the thousands digit of s(7)?
3
Suppose -73*r - 11316 + 59277 = 0. What is the hundreds digit of r?
6
Suppose 1585 = -4*g + 9*g. What is the hundreds digit of g?
3
Let s = 6 - 11. Let q = s - -12. Suppose q*y - 9*y = -2. What is the units digit of y?
1
Suppose a + 30 = 420. What is the tens digit of a?
9
Let y = -411 - -1017. What is the hundreds digit of 12/(-3) - y/(-3)?
1
Let g = 1272 + 159. What is the units digit of g?
1
Let u be ((-36)/(-5))/(16/40). What is the units digit of 5/(-10)*-6*u?
4
Suppose -11071 = -13*v - 3167. What is the units digit of v?
8
Suppose o + 26 = 2*q, 0 = 4*o - o + 12. Let k be (66/(-77))/(2/14). Let t = q + k. What is the units digit of t?
5
Let p(m) = 2*m**3 + 3*m**2 - 8*m - 10. Let j be p(-4). Let a = j - -38. What is the units digit of 18/5*a/(-8)?
9
Let k = 134 + 804. Suppose k = -2*r + 9*r. What is the hundreds digit of r?
1
Suppose 1750 = 17*l - 4676. What is the tens digit of l?
7
Let c = 466 + -270. What is the tens digit of c?
9
Let k(m) = -m + 13. Let i be 3/(8/(-12) + 26/12). What is the tens digit of k(i)?
1
Suppose 3*t + 5*d = 28, d = -t - 2*d + 12. Let p(y) = -y**2 + 6*y + 5. What is the units digit of p(t)?
5
Let p(y) = -y**2 - 14*y - 19. Let z be p(-8). What is the units digit of (4 + 25/(-5))*(-2 - z)?
1
Suppose 0 = 4*c - 18 + 6. Suppose -349 + 37 = -c*r. What is the hundreds digit of r?
1
Suppose -4*j = 734 - 3574. What is the tens digit of j?
1
Suppose 2068 = 2*r - c - 3*c, 4*r - 4109 = -c. Suppose -8*n + 12*n - r = 0. What is the tens digit of n?
5
Let s = 18 - 16. Let c(j) = 7*j**3 - 3*j**2 + 2*j. What is the tens digit of c(s)?
4
Suppose 29 - 47 = -6*i. Let n(a) = 2*a - 2. Let b be n(2). Suppose 3*x = 3*o - 243, -b*x + 297 = 4*o + i*x. What is the tens digit of o?
7
Suppose 4*x = x + 51. Suppose 11 = z - x. Let p = z + -15. What is the units digit of p?
3
Suppose -1588 + 148 = -5*v. Suppose v = 8*q - 0*q. Suppose -3*c + q = -0*c. What is the tens digit of c?
1
Suppose -j = 4 - 17. Let a(x) = -2 - 1 + j + 17*x + 13 - x**2. What is the units digit of a(18)?
5
What is the tens digit of (-3)/((-15)/3181) - 14/70?
3
Let q be 4/10 - (-18)/(-45). Suppose q = 4*n + 44 - 12. Let s = n - -14. What is the units digit of s?
6
Suppose 18*q = 46*q - 18004. What is the hundreds digit of q?
6
Let y(m) = m**2 - m + 1. Let t(h) = h**3 + 4*h**2 + h + 3. Let d(c) = t(c) + 2*y(c). What is the tens digit of d(-3)?
3
Let g(j) = j**3 + 3*j**2 + 1325. What is the hundreds digit of g(0)?
3
Let m = 2256 + -1490. Suppose 4*b + m + 290 = 0. Let c = -188 - b. What is the tens digit of c?
7
Let c be (-8)/44 + (-72)/(-33). Suppose c*s = 239 + 81. What is the tens digit of s?
6
Let t = 1036 - -1536. What is the units digit of t?
2
Suppose 0*s + 5*s = -5. Let k = s + -1. What is the units digit of 8 + (k + 0)/(-2)?
9
Let q(u) = u - 14. Let c be q(12). Let b be 126/(-56) + c/(-8). Let o(l) = -5*l**3 + 3*l**2 + 3*l + 2. What is the units digit of o(b)?
8
Suppose -47*k + 34968 = -0*k. What is the hundreds digit of k?
7
Let s be 2*(0 + (-1)/(-2)). What is the units digit of (-1314)/(-24) - s/(-4)?
5
What is the thousands digit of (-4)/96*3 - 34756/(-32)?
1
Suppose -2*z = -5*x + 2 - 0, 0 = -2*x + 2*z - 4. Suppose 4*t = -2*s + 50, 5*s + t - 180 = x*t. What is the units digit of s?
5
Suppose 1211 - 14 = 3*q. What is the hundreds digit of q?
3
Let m be (4 - 54)*344/(-10). Suppose 8*a - 24 = -m. What is the units digit of (-3)/2*a/6?
3
Let t(r) = 710*r**2 + 4. What is the tens digit of t(-1)?
1
Let w(z) = -45*z + 19. What is the units digit of w(-12)?
9
Let w(q) = -52*q + 150. What is the units digit of w(-8)?
6
Let n be 4/(-2) + (5 - -6). Suppose -6*v + 129 = n. What is the tens digit of v?
2
Let s(l) = 2*l**2 - 2*l - 7. Let j be s(3). Suppose -i + 0*i + 4*o + 124 = 0, -j*i - 3*o = -597. What is the hundreds digit of i?
1
Let u(r) = r**3 - 14*r**2 - 14*r - 20. Let m be u(15). Let w be -5*1*6/m. Let n(f) = 2*f**2 - 4*f + 4. What is the units digit of n(w)?
2
Suppose 2*w + 3180 = 4*k, 5*k + w + 242 = 4231. What is the hundreds digit of k?
7
Suppose -4*s - 10 = -1014. What is the tens digit of 1/(3 - s/84)?
8
Let o = -53 - -83. Let l = o - 21. What is the units digit of l?
9
Suppose -5*z = 4*w + 80, 4*w - 5*w = -4*z - 43. Suppose 0*h = h - 91. What is the units digit of h/4 - 3/z?
3
Let z(d) = 84*d - 473. What is the units digit of z(12)?
5
Suppose -2*s + 25 = -3*s. Let d = 35 + s. Let o = 38 - d. What is the units digit of o?
8
Let y be (-6)/15 + 42/5. Suppose -5*h - 9 = -y*h. Suppose -118 = -5*w + h*u, 5*u = 5*w + 3*u - 122. What is the units digit of w?
6
Let m = 39 - 23. Let i = -11 + m. Suppose -2*a = -6, k + 0*k - i*a = 20. What is the tens digit of k?
3
Suppose -p - 2*l + 4 - 13 = 0, p = 2*l - 17. Let z = 30 - p. What is the tens digit of z?
4
Suppose -5*x = 5*x - 2650. What is the hundreds digit of x?
2
Suppose 0 = -4*y - d - 4*d + 40, 5*d = 2*y + 10. Let o be 2*(75/(-6))/(-5). Suppose 3*n = -y*r + 27, o*n - 4*r - 85 = r. What is the tens digit of n?
1
Let h(a) = 2*a**2 + 27*a + 60. What is the units digit of h(-24)?
4
Let n(p) = p**2 + 5*p - 1. Let v be n(-6). Suppose 3*a + 4*x - 76 = -0*a, -135 = -5*a - v*x. What is the units digit of a?
2
Suppose 28835 = 8*f + 9259. What is the units digit of f?
7
Let r be 2 + 8/(-5) - 91/(-35). Suppose -r*l = -4*l + 3*p + 48, 4*p = -3*l + 183. What is the units digit of l?
7
Let v be (2 + 0)/(-1) - (-1 + -10). Suppose v*h - 39 = 15. What is the units digit of h?
6
Suppose 0 = -5*p + 19 - 4. Let c(i) = 0*i + p*i**2 + 1 + 7*i + 2*i**2 - 3*i**2. What is the tens digit of c(-6)?
3
Suppose -10 = -2*y, y = -3*s - 4*y + 1072. What is the hundreds digit of s?
3
Suppose 0 = 3*t - 0*t - 3*d - 99, -3*d = 4*t - 146. Let b = t - 20. Let p(w) = 2*w - 10. What is the units digit of p(b)?
0
Let b be 4/(-18) - 794/(-9). Let g be (21*-1)/((-33)/b). Suppose -w + 2*w - g = 0. What is the tens digit of w?
5
Suppose -2*m - 6*m = 480. Let v = 11 - m. What is the units digit of v?
1
Let c be 0/(1/(-2) + 3/2). Suppose -3*z + 4*f = 2*f - 3, 5*f = 5*z. Suppose 3*m - z*v = -2*v + 8, m - 3*v - 8 = c. What is the units digit of m?
2
Suppose 3330 = -21*u + 24*u. Suppose 2*d - 602 = -5*j, -3*d + u - 217 = 5*j. What is the tens digit of d?
9
Let j be ((-3)/(-1) - 2)/(4/12). What is the units digit of j - 9*16/(-12) - 2?
3
Suppose 3*j - 24 = j. Suppose 8 = 4*b - j. Suppose -v = -b - 11. What is the tens digit of v?
1
Let b(y) = -7*y - 66. Let n be b(-10). What is the units digit of (-20 + 1 + n)*6/(-10)?
9
What is the hundreds digit of -19 + 18 + 2 + 464?
4
Let g be (-3)/(-9) + 8/3. Suppose g*j + 0*j - 61 = d, j = -5*d + 47. Suppose 35 + j = 3*f. What is the units digit of f?
9
Suppose -30*c + 1326 = -17*c. What is the units digit of c?
2
Let v be ((-42)/(-28))/(1/2). Let i(b) = -b**3 + 2*b**2 + 2*b + 3. Let r be i(v). Suppose 6*y - 4*y - 44 = r. What is the tens digit of y?
2
Suppose 10*i - 5*i = -5. Let x = -10 - -7. What is the units digit of i + ((-40)/(-2) - x)?
2
Suppose -28 - 5 = -3*a. Let d(s) = -26*s**2 + a*s**2 - 4*s + 16*s**2. What is the units digit of d(8)?
2
Suppose 3*f = 7*f - 60. Let x = f - 11. What is the tens digit of 1/((x*-1)/(-44))?
1
Suppose 0 = -l - 5 + 7. Suppose 0*o + l*o - 78 = 0. What is the tens digit of o?
3
Let d(g) = g**2 - 4. Let k be d(3). Suppose -2*t = 3*t - 25. Suppose -t*p + 95 = k. What is the units digit of p?
8
Suppose 0 = -g - 0 - 2. Let w be (1 + 0)*(-6)/g. Suppose -4*k - 39 = -w*m - k, -3*k = -m + 11. What is the units digit of m?
4
Let w(l) be the first derivative of -2*l**3/3 - l**